{"id":661,"date":"2023-06-18T17:43:44","date_gmt":"2023-06-18T17:43:44","guid":{"rendered":"https:\/\/promango.org\/XVIIFORUM\/?page_id=661"},"modified":"2023-07-20T22:34:31","modified_gmt":"2023-07-20T22:34:31","slug":"informacion","status":"publish","type":"page","link":"https:\/\/promango.org\/XVIIFORUM\/informacion\/","title":{"rendered":"Informaci\u00f3n"},"content":{"rendered":"<div data-colibri-id=\"661-c1\" class=\"style-831 style-local-661-c1 position-relative\">\n  <!---->\n  <div data-colibri-component=\"section\" data-colibri-id=\"661-c2\" id=\"features\" class=\"h-section h-section-global-spacing d-flex align-items-lg-center align-items-md-center align-items-center style-844 style-local-661-c2 position-relative\">\n    <!---->\n    <!---->\n    <div class=\"h-section-grid-container h-section-boxed-container\">\n      <div data-colibri-id=\"661-c11\" class=\"h-row-container gutters-row-lg-2 gutters-row-md-2 gutters-row-0 gutters-row-v-lg-2 gutters-row-v-md-2 gutters-row-v-2 style-853 style-local-661-c11 position-relative\">\n        <!---->\n        <div class=\"h-row justify-content-lg-center justify-content-md-center justify-content-center align-items-lg-stretch align-items-md-stretch align-items-stretch gutters-col-lg-2 gutters-col-md-2 gutters-col-0 gutters-col-v-lg-2 gutters-col-v-md-2 gutters-col-v-2\">\n          <!---->\n          <div class=\"h-column h-column-container d-flex h-col-lg-auto h-col-md-auto h-col-auto style-854-outer style-local-661-c12-outer\">\n            <div data-colibri-id=\"661-c12\" class=\"d-flex h-flex-basis h-column__inner h-px-lg-2 h-px-md-2 h-px-2 v-inner-lg-2 v-inner-md-2 v-inner-2 style-854 style-local-661-c12 position-relative\">\n              <!---->\n              <!---->\n              <div class=\"w-100 h-y-container h-column__content h-column__v-align flex-basis-100 align-self-lg-start align-self-md-start align-self-start\">\n                <!---->\n                <div data-colibri-id=\"661-c13\" class=\"h-lead h-text h-text-component style-856 style-local-661-c13 position-relative h-element\">\n                  <!---->\n                  <!---->\n                  <div class=\"\">\n                    <p>INVERSI\u00d3N:<\/p>\n                    <p>Hasta el 04 de agosto S\/.200.00 o $60.00\n                      <br>Despu\u00e9s del 04 de agosto: S\/260.00 o $75.00\n                      <br>Tarifas corporativas: A partir de 3 personas de una misma empresa 10% de Descuento.\n                      <br>Hasta el 15\/08\/2023<\/p>\n                    <p>\n                      <br>\n                    <\/p>\n                    <p>INFORMES E INSCRIPCIONES:<\/p>\n                    <p>Asociaci\u00f3n Peruana de Productores de Mango PROMANGO\n                      <br>Direcci\u00f3n: Urb. San Eduardo A 2 Piura.\n                      <br>Tel\u00e9fonos: 073 &#8211; 608238\n                      <br>Email: piura@promango.org\n                      <br>Web: www.promango.org<\/p>\n                    <p>\n                      <br>\n                    <\/p>\n                    <p>INFORMACI\u00d3N PARA DEP\u00d3SITOS<\/p>\n                    <p>Banco de Cr\u00e9dito del Per\u00fa:\n                      <br>Cuenta Corriente En soles:\n                      <br>475-1164793-0-63\n                      <br>CCI: 002-475-00 1164793063-22\n                      <br>(Para transferencia desde otros bancos)<\/p>\n                    <p>En D\u00f3lares: 475-1166413-1-37.\n                      <br>CCI: 002-475-00 1166413137-29\n                      <br>(Para transferencia desde otros bancos)<\/p>\n                    <p>\n                      <br>\n                    <\/p>\n                    <p>Banco de la Naci\u00f3n:<\/p>\n                    <p>Cuenta de Detracciones: 00-631-096360\n                      <br>(Los pagos mayores a S\/700.00 estan afectos al 12% de Detracci\u00f3n)\n                      <br>C\u00f3digo Swift BCP: BCPLPEPL (Para abonos del exterior).<\/p>\n                    <p>\n                      <br>\n                    <\/p>\n                  <\/div>\n                <\/div>\n              <\/div>\n            <\/div>\n          <\/div>\n        <\/div>\n      <\/div>\n      <div data-colibri-id=\"661-c3\" class=\"h-row-container gutters-row-lg-2 gutters-row-md-2 gutters-row-0 gutters-row-v-lg-2 gutters-row-v-md-2 gutters-row-v-2 style-857 style-local-661-c3 position-relative\">\n        <!---->\n        <div class=\"h-row justify-content-lg-center justify-content-md-center justify-content-center align-items-lg-stretch align-items-md-stretch align-items-stretch gutters-col-lg-2 gutters-col-md-2 gutters-col-0 gutters-col-v-lg-2 gutters-col-v-md-2 gutters-col-v-2\">\n          <!---->\n          <div class=\"h-column h-column-container d-flex h-col-lg-auto h-col-md-auto h-col-auto style-858-outer style-local-661-c4-outer\">\n            <div data-colibri-id=\"661-c4\" class=\"d-flex h-flex-basis h-column__inner h-px-lg-2 h-px-md-2 h-px-2 v-inner-lg-2 v-inner-md-2 v-inner-2 style-858 style-local-661-c4 position-relative\">\n              <!---->\n              <!---->\n              <div class=\"w-100 h-y-container h-column__content h-column__v-align flex-basis-100 align-self-lg-start align-self-md-start align-self-start\">\n                <!---->\n                <div data-colibri-id=\"661-c5\" class=\"d-block style-859 style-local-661-c5 position-relative h-element\">\n                  <!---->\n                  <div class=\"h-image__frame-container-outer\">\n                    <div class=\"h-image__frame-container\">\n                      <!---->\n                      <!---->\n                      <img loading=\"lazy\" decoding=\"async\" width=\"1670\" height=\"2560\" src=\"https:\/\/promango.org\/XVIIFORUM\/wp-content\/uploads\/2023\/07\/2023-jul-19-scaled.jpg\" class=\"wp-image-1100 style-859-image style-local-661-c5-image\" alt=\"\" srcset=\"https:\/\/promango.org\/XVIIFORUM\/wp-content\/uploads\/2023\/07\/2023-jul-19-scaled.jpg 1670w, https:\/\/promango.org\/XVIIFORUM\/wp-content\/uploads\/2023\/07\/2023-jul-19-196x300.jpg 196w, https:\/\/promango.org\/XVIIFORUM\/wp-content\/uploads\/2023\/07\/2023-jul-19-668x1024.jpg 668w, https:\/\/promango.org\/XVIIFORUM\/wp-content\/uploads\/2023\/07\/2023-jul-19-768x1177.jpg 768w, https:\/\/promango.org\/XVIIFORUM\/wp-content\/uploads\/2023\/07\/2023-jul-19-1002x1536.jpg 1002w, https:\/\/promango.org\/XVIIFORUM\/wp-content\/uploads\/2023\/07\/2023-jul-19-1336x2048.jpg 1336w\" sizes=\"auto, (max-width: 1670px) 100vw, 1670px\" \/>\n                      <div class=\"h-image__frame h-hide-lg h-hide-md h-hide-sm style-859-frameImage style-local-661-c5-frameImage\"><\/div>\n                    <\/div>\n                  <\/div>\n                <\/div>\n              <\/div>\n            <\/div>\n          <\/div>\n        <\/div>\n      <\/div>\n      <div data-colibri-id=\"661-c6\" class=\"h-row-container gutters-row-lg-1 gutters-row-md-1 gutters-row-2 gutters-row-v-lg-1 gutters-row-v-md-1 gutters-row-v-2 style-845 style-local-661-c6 position-relative\">\n        <!---->\n        <div class=\"h-row justify-content-lg-center justify-content-md-center justify-content-center align-items-lg-stretch align-items-md-stretch align-items-stretch gutters-col-lg-1 gutters-col-md-1 gutters-col-2 gutters-col-v-lg-1 gutters-col-v-md-1 gutters-col-v-2\">\n          <!---->\n          <div class=\"h-column h-column-container d-flex h-col-lg-6 h-col-md-6 h-col-12 style-846-outer style-local-661-c7-outer\">\n            <div data-colibri-id=\"661-c7\" class=\"d-flex h-flex-basis h-column__inner h-px-lg-0 h-px-md-0 h-px-0 v-inner-lg-0 v-inner-md-0 v-inner-2 style-846 style-local-661-c7 position-relative\">\n              <!---->\n              <!---->\n              <div class=\"w-100 h-y-container h-column__content h-column__v-align flex-basis-100 align-self-lg-start align-self-md-start align-self-start\">\n                <!---->\n                <div data-colibri-id=\"661-c8\" class=\"h-row-container gutters-row-lg-1 gutters-row-md-1 gutters-row-0 gutters-row-v-lg-1 gutters-row-v-md-1 gutters-row-v-2 style-847 style-local-661-c8 position-relative\">\n                  <!---->\n                  <div class=\"h-row justify-content-lg-center justify-content-md-center justify-content-center align-items-lg-stretch align-items-md-stretch align-items-stretch gutters-col-lg-1 gutters-col-md-1 gutters-col-0 gutters-col-v-lg-1 gutters-col-v-md-1 gutters-col-v-2\">\n                    <!---->\n                    <div class=\"h-column h-column-container d-flex h-col-lg-auto h-col-md-auto h-col-auto style-848-outer style-local-661-c9-outer\">\n                      <div data-colibri-id=\"661-c9\" class=\"d-flex h-flex-basis h-column__inner h-ui-empty-state-container h-px-lg-0 h-px-md-0 h-px-0 v-inner-lg-0 v-inner-md-0 v-inner-0 style-848 style-local-661-c9 position-relative\">\n                        <!---->\n                        <!---->\n                        <div class=\"w-100 h-y-container h-column__content h-column__v-align flex-basis-auto\">\n                          <!---->\n                        <\/div>\n                      <\/div>\n                    <\/div>\n                    <div class=\"h-column h-column-container d-flex h-col-lg h-col-md h-col-auto style-850-outer style-local-661-c10-outer\">\n                      <div data-colibri-id=\"661-c10\" class=\"d-flex h-flex-basis h-column__inner h-ui-empty-state-container h-px-lg-0 h-px-md-0 h-px-0 v-inner-lg-0 v-inner-md-0 v-inner-0 style-850 style-local-661-c10 position-relative\">\n                        <!---->\n                        <!---->\n                        <div class=\"w-100 h-y-container h-column__content h-column__v-align flex-basis-100\">\n                          <!---->\n                        <\/div>\n                      <\/div>\n                    <\/div>\n                  <\/div>\n                <\/div>\n              <\/div>\n            <\/div>\n          <\/div>\n        <\/div>\n      <\/div>\n    <\/div>\n  <\/div>\n<\/div>","protected":false},"excerpt":{"rendered":"<p>INVERSI\u00d3N: Hasta el 04 de agosto S\/.200.00 o $60.00 Despu\u00e9s del 04 de agosto: S\/260.00 o $75.00 Tarifas corporativas: A partir de 3 personas de una misma empresa 10% de Descuento. Hasta el 15\/08\/2023 INFORMES E INSCRIPCIONES: Asociaci\u00f3n Peruana de Productores de Mango PROMANGO Direcci\u00f3n: Urb. San Eduardo A 2 Piura. Tel\u00e9fonos: 073 &#8211; 608238 [&hellip;]<\/p>\n","protected":false},"author":1,"featured_media":0,"parent":0,"menu_order":0,"comment_status":"closed","ping_status":"closed","template":"page-templates\/full-width-page.php","meta":{"footnotes":""},"class_list":["post-661","page","type-page","status-publish","hentry"],"_links":{"self":[{"href":"https:\/\/promango.org\/XVIIFORUM\/wp-json\/wp\/v2\/pages\/661","targetHints":{"allow":["GET"]}}],"collection":[{"href":"https:\/\/promango.org\/XVIIFORUM\/wp-json\/wp\/v2\/pages"}],"about":[{"href":"https:\/\/promango.org\/XVIIFORUM\/wp-json\/wp\/v2\/types\/page"}],"author":[{"embeddable":true,"href":"https:\/\/promango.org\/XVIIFORUM\/wp-json\/wp\/v2\/users\/1"}],"replies":[{"embeddable":true,"href":"https:\/\/promango.org\/XVIIFORUM\/wp-json\/wp\/v2\/comments?post=661"}],"version-history":[{"count":3,"href":"https:\/\/promango.org\/XVIIFORUM\/wp-json\/wp\/v2\/pages\/661\/revisions"}],"predecessor-version":[{"id":1102,"href":"https:\/\/promango.org\/XVIIFORUM\/wp-json\/wp\/v2\/pages\/661\/revisions\/1102"}],"wp:attachment":[{"href":"https:\/\/promango.org\/XVIIFORUM\/wp-json\/wp\/v2\/media?parent=661"}],"curies":[{"name":"wp","href":"https:\/\/api.w.org\/{rel}","templated":true}]}}